Let z(d) = 17*d - 17*d**2 - 41*d + 22*d - d**3 - 9. Let c be z(-17). Calculate the highest common divisor of 275 and c.
25
Let u be (-210)/60*(-108)/7. What is the highest common factor of 522 and u?
18
Suppose 2*c - 4*c = -18. Let n = 42 + -28. Let s = 20 - n. Calculate the highest common divisor of c and s.
3
Suppose -3*l - 26 = -a - 2*l, -l - 68 = -3*a. Calculate the greatest common factor of 112 and a.
7
Let p = 430 - 426. What is the greatest common factor of 120 and p?
4
Let l be 37 + (-2)/(5/15*2). Calculate the greatest common divisor of l and 544.
34
Let c = -464 + 544. What is the greatest common factor of c and 120?
40
Let s be 2*(78/4)/3. Suppose -2*c = 36*z - 38*z + 138, -3*c = 3*z - 183. What is the greatest common factor of z and s?
13
Let j(a) = a**2 + 9*a - 3. Let w be j(-10). Suppose 4*s - 4*g - 45 = -w*g, 4*s = -5*g + 35. Calculate the highest common divisor of s and 15.
15
Let x(i) = -i**3 + 3*i**2 - 9*i - 8. Let w be (1 - 0)/(66/24 - 3). Let a be x(w). What is the greatest common factor of a and 56?
28
Let a(j) = -7*j**2 + 2 - 7*j**2 + j**2 + j**3 - 5*j + 2*j**2. Let p be a(13). Calculate the highest common factor of 25 and p.
25
Let q be (-2784)/(-168) + (-8)/14. Suppose 4*l + 20 = 0, -3*b + 2*b = 2*l - 134. Calculate the highest common factor of q and b.
16
Suppose -2*o = 4*s - 178, 5*o + 171 = 43*s - 39*s. Calculate the greatest common factor of s and 341.
11
Let c(p) = p**2 + 8*p + 12. Suppose -2*b - 3*b - 39 = 2*m, 0 = -m - b - 12. Let j be c(m). What is the highest common factor of j and 15?
5
Let f be (-2)/5 - (-128)/20. Suppose 0 = -2*d - 3*d + 55. Suppose -24 = 7*r - d*r. Calculate the greatest common factor of f and r.
6
Suppose -396 = -3*v + v. Suppose -2*c + v = c. What is the highest common factor of 6 and c?
6
Suppose -5*m - 4*u = -2*u - 26, -u + 19 = 4*m. Suppose 4*q - 2*w - 48 = 2*w, 0 = -m*q + 5*w + 52. Calculate the greatest common factor of 8 and q.
8
Let z be (-18)/(-63) + (-10)/(-14). Let y be 13/((-16)/20 + z). Let l = -37 - -63. Calculate the greatest common divisor of l and y.
13
Let z be 6/4 - (723/(-6) + 8). What is the greatest common factor of z and 6?
6
Let k(d) = 782*d**2 - 30*d + 29. Let m be k(1). What is the highest common factor of m and 11?
11
Suppose 5 = 5*b - 5. Suppose -2*i = 5*r - 69, 4*r = b*i + 2*i + 72. What is the greatest common divisor of r and 135?
15
Let w = -273 - -441. Calculate the greatest common factor of 224 and w.
56
Suppose 0 = -3*m + 3*g + 21, -3*m = -2*g - 16 - 0. Suppose m*n - u = 168, n - 4*u - 32 = 52. Calculate the highest common divisor of n and 56.
28
Suppose -33*z + 725 = -8*z. Suppose -4*u - 3 = -235. Calculate the highest common factor of u and z.
29
Suppose 4*s + 6 + 1 = -3*x, x = -2*s - 3. Let o be ((-2)/4)/(x/10). What is the highest common divisor of o and 1?
1
Let m be 4 + -3 - (-1)/((-5)/(-45)). Let q = 20 - 15. What is the greatest common factor of m and q?
5
Suppose -13*r + 106 = -128. What is the highest common divisor of r and 36?
18
Let w be 4 + (-4*4)/(-2). Let m = 8 + w. Calculate the greatest common divisor of 180 and m.
20
Let z be (0/(6 - 1))/(-1). Suppose -3*c + 20 = -m + 2*c, m - c = 0. Suppose 4*v = -m*l + 6, -v + l = -z*v - 6. Calculate the greatest common factor of v and 6.
2
Let d(n) = 2*n**3 - 8*n**2 + 1. Let y be d(4). Let v(q) = q**2 - 7*q + 1. Let c be v(7). What is the highest common factor of c and y?
1
Let m = -1990 + 1997. Calculate the highest common divisor of m and 259.
7
Let t = 64 - -56. Calculate the highest common divisor of t and 12.
12
Let h = 16 + -69. Let p = h + 75. Let y(t) = -56*t**3 - 3*t**2 - t + 1. Let z be y(-1). Calculate the greatest common factor of z and p.
11
Suppose -5*b = 25, -4*q - 3*b + 128 + 257 = 0. What is the highest common divisor of 4 and q?
4
Let b = 18 - -14. Suppose -426 = 2*s + h - 448, 0 = 3*s - h - 18. What is the highest common divisor of s and b?
8
Let x(n) = -4*n**2 + 22*n + 12. Let c be x(5). Let a = -86 - -185. What is the greatest common factor of c and a?
11
Suppose 0 = -6*f + 4*f + 10, -2*m = -4*f + 32. Let p be 465/7 + m/14. What is the highest common divisor of p and 33?
33
Suppose 5*z - 235 - 275 = 0. Suppose 27 = x - 7. Calculate the greatest common divisor of z and x.
34
Suppose 45*a - 34*a = 10153. Calculate the greatest common divisor of 71 and a.
71
Suppose 0 = 4*s + c - 11, 0 = -6*c + 2*c - 20. Suppose 66*m - 884 - 2436 = 1696. Calculate the greatest common factor of m and s.
4
Let j be (315/84)/(6/40). What is the highest common factor of 100 and j?
25
Suppose -3*b - 280 = -11*b. What is the greatest common factor of b and 63?
7
Let m be (0*(-3)/(-9))/(-1). Let j(v) = v**2 + v + 5. Let f be j(m). Suppose 10*x = f*x + 5. Calculate the highest common factor of 6 and x.
1
Let j(z) = -6*z - 21. Let o be j(-8). What is the highest common divisor of o and 9?
9
Suppose i - 192 = -2*t - 2*t, 5*i - 96 = -2*t. What is the highest common divisor of t and 84?
12
Suppose 4*v - 3 = 7*v. Let a be 21*(-2 + (2 - v)). Suppose m - 5*h - 11 = -7*h, -m + 19 = 4*h. Calculate the greatest common factor of m and a.
3
Suppose -5*g + 42 = 3*s, 3*g = -6*s + s + 86. Suppose -2*p + 6*c = c - 33, 0 = -2*c - 10. Suppose p*z - z = 285. Calculate the highest common factor of z and s.
19
Suppose 421 = 27*f - 146. Calculate the greatest common divisor of 15 and f.
3
Suppose -4*a + 3*h = -280, -5*a + 7*a - 3*h - 140 = 0. Calculate the greatest common factor of a and 154.
14
Let f be -217*15/((-75)/10). What is the greatest common divisor of f and 42?
14
Let r be ((-1944)/30)/((-14)/35). What is the greatest common divisor of r and 108?
54
Suppose 0 = -10*l - 18 + 108. Let z(s) = 7*s - 11. Let x be z(l). Calculate the greatest common factor of 13 and x.
13
Let l(m) = m**2 - 13*m + 2. Let w be l(13). Suppose -4*c - 18 = -w*p, -43 - 29 = -4*p - c. Calculate the highest common divisor of p and 51.
17
Suppose 21 = 8*s + 5. Suppose 0*t - s*y - 176 = -4*t, y = -t + 38. What is the greatest common factor of 70 and t?
14
Let t(h) = -7*h - 27. Suppose 4*g + 50 - 30 = 0. Let s be t(g). What is the greatest common divisor of 6 and s?
2
Let z = -378 + 607. What is the highest common factor of z and 1?
1
Suppose -59*l - 26*l + 11220 = 0. Calculate the greatest common divisor of l and 12.
12
Let l = -8 - -28. Let j be 1 + 4/(-5) - 378/(-10). Let p = j - l. Calculate the highest common factor of p and 6.
6
Let c = 12 - 10. Suppose 0 = -m - c*m + 138. Let b = 66 + m. Calculate the highest common factor of 16 and b.
16
Let r(n) = n - 6. Let u be r(3). Let s = u - -48. Let p be (-2)/10 - (-1216)/80. What is the greatest common divisor of s and p?
15
Let g = -16 - -56. Let n be -1*(-3)/(-3)*-1. Let i be n*3/(-1) + 13. What is the highest common divisor of i and g?
10
Let b(v) = v**3 - 5*v**2 - 2*v - 6. Let r(y) = 2*y**2 - 3*y - 3. Let i be r(3). Let f be b(i). Calculate the greatest common factor of 6 and f.
6
Let j be 26 - ((-8)/(-44) - (-395)/(-55)). Let z(r) = 21*r + 1. Let q be z(1). Calculate the highest common factor of q and j.
11
Let f = 1 - -7. Let y be f/28 - (-290)/14. Let h = 1159 + -1156. What is the highest common divisor of h and y?
3
Let w(d) = 3*d**2 - 3*d - 3. Suppose -4*b + k - 13 = -2*k, 0 = 2*b - 2*k + 6. Let h be w(b). Calculate the highest common divisor of 38 and h.
19
Suppose 27*h - 68422 + 2326 = 0. Calculate the greatest common divisor of 12 and h.
12
Let s be (12/(-5))/(2/(-45)). Let l(x) = -x. Suppose 32 = -2*t - 3*t + 2*o, 3*t - o + 19 = 0. Let k be l(t). Calculate the highest common factor of k and s.
6
Suppose -3*n - 68 = 4*y, 4*n + 3*y + 2*y + 89 = 0. Let g be 66263/184 + 2/n. What is the highest common factor of 40 and g?
40
Suppose -4*m = 3*n - 89 - 139, 20 = -5*n. Calculate the highest common factor of m and 12.
12
Let r be (-491)/(-5) + 1 - (-40)/50. Calculate the greatest common factor of 60 and r.
20
Suppose 0 = 13*k - 2099 - 189. Calculate the greatest common factor of 11 and k.
11
Suppose -6*l = -3*l. Let i be 2/6*(l - -9). Suppose -2*s = 4*x - 40 - 2, 0 = -2*s + i*x + 56. Calculate the greatest common factor of 25 and s.
25
Suppose -3*l - 7 = -2*l - 5*v, -5*l = 5*v - 85. Let p(b) = 4*b - 16. Let m be p(l). Calculate the highest common divisor of 24 and m.
12
Suppose 3 = -g - 4. Let